{"id":260,"date":"2021-03-18T15:09:11","date_gmt":"2021-03-18T15:09:11","guid":{"rendered":"https:\/\/mireya-demo.bslthemes.com\/?page_id=260"},"modified":"2023-10-14T13:11:20","modified_gmt":"2023-10-14T11:11:20","slug":"portfolio-grid-3-columns","status":"publish","type":"page","link":"https:\/\/dyominterieurs.co\/?page_id=260","title":{"rendered":"Portfolio (grid 3 columns)"},"content":{"rendered":"\t\t<div data-elementor-type=\"wp-page\" data-elementor-id=\"260\" class=\"elementor elementor-260\">\n\t\t\t\t\t\t\t\t\t<section class=\"elementor-section elementor-top-section elementor-element elementor-element-570206b elementor-section-full_width elementor-section-height-default elementor-section-height-default\" data-id=\"570206b\" data-element_type=\"section\">\n\t\t\t\t\t\t<div class=\"elementor-container elementor-column-gap-no\">\n\t\t\t\t\t<div class=\"elementor-column elementor-col-100 elementor-top-column elementor-element elementor-element-03ae71e\" data-id=\"03ae71e\" data-element_type=\"column\">\n\t\t\t<div class=\"elementor-widget-wrap elementor-element-populated\">\n\t\t\t\t\t\t\t\t<div class=\"elementor-element elementor-element-8698dda elementor-widget elementor-widget-mireya-started\" data-id=\"8698dda\" data-element_type=\"widget\" data-widget_type=\"mireya-started.default\">\n\t\t\t\t<div class=\"elementor-widget-container\">\n\t\t\t\n\t\t\t\t<div class=\"mry-head-bg\">\n\t\t\t<img decoding=\"async\" src=\"https:\/\/dyominterieurs.co\/wp-content\/uploads\/2021\/03\/p-6-1.jpg\" alt=\"\">\n\t\t\t<div class=\"mry-bg-overlay\"><\/div>\n\t\t<\/div>\n\t\t\n\t\t<div class=\"mry-banner mry-p-140-0 mry-p-0-100\">\n\t\t\t<div class=\"container\">\n\t\t\t\t<div class=\"mry-main-title mry-title-center\">\n\t\t\t\t\t\t\t\t\t\t<div class=\"mry-subtitle mry-mb-20 mry-fo\">\n\t\t\t\t\t\t<span >\n\t\t\t          \t\tPORTFOLIO\t\t\t          \t<\/span>\n\t\t\t\t\t<\/div>\n\t\t\t\t\t\t\t\t\t\t\t\t\t\t\t<h1 class=\"mry-mb-20 mry-fo mry-title--h\">\n\t\t\t\t\t\t<span >\n\t\t\t          \t\tExplorez nos \t\t\t          \t<\/span><br>\n\t\t\t\t\t\t<span class=\"mry-border-text\">\n\t\t\t\t\t\t\t<span >\n\t\t\t\t          \t\tr\u00e9alisations\t\t\t\t          \t<\/span>\n\t\t\t\t\t\t<\/span>\n\t\t\t\t\t\t<span class=\"mry-animation-el\"><\/span>\n\t\t\t\t\t<\/h1>\n\t\t\t\t\t\t\t\t\t\t\t\t\t\t\t<div class=\"mry-text mry-fo\">\n\t\t\t\t\t\t<span >\n\t\t\t          \t\tBienvenue dans notre portfolio.\nDans cette collection, vous pourrez  <br>  d\u00e9couvrir nos projets  et  r\u00e9alisations les plus significatives.\t\t\t          \t<\/span>\n\t\t\t\t\t<\/div>\n\t\t\t\t\t\t\t\t\t\t\t\t\t\t\t<div class=\"mry-scroll-hint-frame\">\n\t\t\t\t\t\t<a class=\"mry-scroll-hint mry-smooth-scroll mry-magnetic-link mry-fo\" href=\"#mry-anchor\">\n\t\t\t\t\t\t\t<span class=\"mry-magnetic-object\"><\/span>\n\t\t\t\t\t\t<\/a>\n\t\t\t\t\t\t<div class=\"mry-label mry-fo\">\n\t\t\t\t\t\t\t<span >\n\t\t\t\t          \t\td\u00e9filer vers le bas \t\t\t\t          \t<\/span>\n\t\t\t\t\t\t<\/div>\n\t\t\t\t\t<\/div>\n\t\t\t\t\t\t\t\t\t<\/div>\n\t\t\t<\/div>\n\t\t<\/div>\n\n\t\t\t\t<\/div>\n\t\t\t\t<\/div>\n\t\t\t\t\t<\/div>\n\t\t<\/div>\n\t\t\t\t\t\t\t<\/div>\n\t\t<\/section>\n\t\t\t\t<section class=\"elementor-section elementor-top-section elementor-element elementor-element-6f91ffa elementor-section-full_width elementor-section-height-default elementor-section-height-default\" data-id=\"6f91ffa\" data-element_type=\"section\">\n\t\t\t\t\t\t<div class=\"elementor-container elementor-column-gap-no\">\n\t\t\t\t\t<div class=\"elementor-column elementor-col-100 elementor-top-column elementor-element elementor-element-ed97b26\" data-id=\"ed97b26\" data-element_type=\"column\">\n\t\t\t<div class=\"elementor-widget-wrap elementor-element-populated\">\n\t\t\t\t\t\t\t\t<div class=\"elementor-element elementor-element-2f7f975 elementor-widget elementor-widget-mireya-portfolio\" data-id=\"2f7f975\" data-element_type=\"widget\" data-widget_type=\"mireya-portfolio.default\">\n\t\t\t\t<div class=\"elementor-widget-container\">\n\t\t\t\n\t\t<!-- portfolio -->\n\t\t<div class=\"mry-portfolio\">\n\t\t\t<div class=\"container\">\n\t\t\t\t\t\t\t\t\t\t\t\t<div class=\"mry-portfolio-frame\">\n\t\t\t\t\t<div class=\"mry-masonry-grid mry-3-col\">\n\t\t\t\t\t\t<div class=\"mry-grid-sizer\"><\/div>\n\n\t\t\t\t\t\t\t\t             \t\t\n\n<div class=\"mry-masonry-grid-item mry-masonry-grid-item-33 category-amenagement \">\n  <div class=\"mry-card-item\">\n    <div class=\"mry-card-cover-frame mry-mb-20 mry-fo\">\n            <div class=\"mry-badge\">Am\u00e9nagement <\/div>\n                  <div class=\"mry-cover-overlay\"><\/div>\n      <img decoding=\"async\" src=\"https:\/\/dyominterieurs.co\/wp-content\/uploads\/2024\/09\/1-sejour-scaled.jpg\" alt=\"Projet Zona\" class=\"mry-scale-object\">\n      <div class=\"mry-hover-links\">\n        <a data-no-swup data-elementor-lightbox-slideshow=\"gallery\" data-elementor-lightbox-title=\"Projet Zona\" href=\"https:\/\/dyominterieurs.co\/wp-content\/uploads\/2024\/09\/1-sejour-scaled.jpg\" class=\"mry-zoom mry-magnetic-link\"><span class=\"mry-magnetic-object\"><i\n              class=\"fas fa-expand\"><\/i><\/span><\/a>\n        <a href=\"https:\/\/dyominterieurs.co\/?portfolio=projet-zona\" class=\"mry-more mry-magnetic-link mry-anima-link\"><span class=\"mry-magnetic-object\"><i class=\"fas fa-arrow-right\"><\/i><\/span><\/a>\n      <\/div>\n          <\/div>\n    <div class=\"mry-item-descr mry-fo\">\n            <h4 class=\"mry-mb-10\"><a href=\"https:\/\/dyominterieurs.co\/?portfolio=projet-zona\">Projet Zona<\/a><\/h4>\n                  <div class=\"mry-text\">Appartement type T3 \/ Deux chambres<\/div>\n          <\/div>\n  <\/div>\n<\/div>\t\t          \t  \t\t\t             \t\t\n\n<div class=\"mry-masonry-grid-item mry-masonry-grid-item-33 category-renovation \">\n  <div class=\"mry-card-item\">\n    <div class=\"mry-card-cover-frame mry-mb-20 mry-fo\">\n            <div class=\"mry-badge\">R\u00e9novation <\/div>\n                  <div class=\"mry-cover-overlay\"><\/div>\n      <img decoding=\"async\" src=\"https:\/\/dyominterieurs.co\/wp-content\/uploads\/2023\/10\/3-piscine-scaled.jpg\" alt=\"Projet Corsa\u00a0\" class=\"mry-scale-object\">\n      <div class=\"mry-hover-links\">\n        <a data-no-swup data-elementor-lightbox-slideshow=\"gallery\" data-elementor-lightbox-title=\"Projet Corsa\u00a0\" href=\"https:\/\/dyominterieurs.co\/wp-content\/uploads\/2023\/10\/3-piscine-scaled.jpg\" class=\"mry-zoom mry-magnetic-link\"><span class=\"mry-magnetic-object\"><i\n              class=\"fas fa-expand\"><\/i><\/span><\/a>\n        <a href=\"https:\/\/dyominterieurs.co\/?portfolio=projet-corsaje\" class=\"mry-more mry-magnetic-link mry-anima-link\"><span class=\"mry-magnetic-object\"><i class=\"fas fa-arrow-right\"><\/i><\/span><\/a>\n      <\/div>\n          <\/div>\n    <div class=\"mry-item-descr mry-fo\">\n            <h4 class=\"mry-mb-10\"><a href=\"https:\/\/dyominterieurs.co\/?portfolio=projet-corsaje\">Projet Corsa\u00a0<\/a><\/h4>\n                  <div class=\"mry-text\">R\u00e9novation cour int\u00e9rieur<\/div>\n          <\/div>\n  <\/div>\n<\/div>\t\t          \t  \t\t\t             \t\t\n\n<div class=\"mry-masonry-grid-item mry-masonry-grid-item-33 category-amenagement category-design-interieur \">\n  <div class=\"mry-card-item\">\n    <div class=\"mry-card-cover-frame mry-mb-20 mry-fo\">\n            <div class=\"mry-badge\">Am\u00e9nagement, Design Int\u00e9rieur <\/div>\n                  <div class=\"mry-cover-overlay\"><\/div>\n      <img decoding=\"async\" src=\"https:\/\/dyominterieurs.co\/wp-content\/uploads\/2024\/09\/Bureau-directeur-6-scaled.jpg\" alt=\"Projet Cedric\" class=\"mry-scale-object\">\n      <div class=\"mry-hover-links\">\n        <a data-no-swup data-elementor-lightbox-slideshow=\"gallery\" data-elementor-lightbox-title=\"Projet Cedric\" href=\"https:\/\/dyominterieurs.co\/wp-content\/uploads\/2024\/09\/Bureau-directeur-6-scaled.jpg\" class=\"mry-zoom mry-magnetic-link\"><span class=\"mry-magnetic-object\"><i\n              class=\"fas fa-expand\"><\/i><\/span><\/a>\n        <a href=\"https:\/\/dyominterieurs.co\/?portfolio=projet-cedric\" class=\"mry-more mry-magnetic-link mry-anima-link\"><span class=\"mry-magnetic-object\"><i class=\"fas fa-arrow-right\"><\/i><\/span><\/a>\n      <\/div>\n          <\/div>\n    <div class=\"mry-item-descr mry-fo\">\n            <h4 class=\"mry-mb-10\"><a href=\"https:\/\/dyominterieurs.co\/?portfolio=projet-cedric\">Projet Cedric<\/a><\/h4>\n                  <div class=\"mry-text\">R\u00e9am\u00e9nagement de type corporatif<\/div>\n          <\/div>\n  <\/div>\n<\/div>\t\t          \t  \t\t\t             \t\t\n\n<div class=\"mry-masonry-grid-item mry-masonry-grid-item-33 category-amenagement \">\n  <div class=\"mry-card-item\">\n    <div class=\"mry-card-cover-frame mry-mb-20 mry-fo\">\n            <div class=\"mry-badge\">Am\u00e9nagement <\/div>\n                  <div class=\"mry-cover-overlay\"><\/div>\n      <img decoding=\"async\" src=\"https:\/\/dyominterieurs.co\/wp-content\/uploads\/2023\/10\/4-a-accueil-scaled.jpg\" alt=\"Projet SPA Sassi\" class=\"mry-scale-object\">\n      <div class=\"mry-hover-links\">\n        <a data-no-swup data-elementor-lightbox-slideshow=\"gallery\" data-elementor-lightbox-title=\"Projet SPA Sassi\" href=\"https:\/\/dyominterieurs.co\/wp-content\/uploads\/2023\/10\/4-a-accueil-scaled.jpg\" class=\"mry-zoom mry-magnetic-link\"><span class=\"mry-magnetic-object\"><i\n              class=\"fas fa-expand\"><\/i><\/span><\/a>\n        <a href=\"https:\/\/dyominterieurs.co\/?portfolio=projet-spa-sassi\" class=\"mry-more mry-magnetic-link mry-anima-link\"><span class=\"mry-magnetic-object\"><i class=\"fas fa-arrow-right\"><\/i><\/span><\/a>\n      <\/div>\n          <\/div>\n    <div class=\"mry-item-descr mry-fo\">\n            <h4 class=\"mry-mb-10\"><a href=\"https:\/\/dyominterieurs.co\/?portfolio=projet-spa-sassi\">Projet SPA Sassi<\/a><\/h4>\n                  <div class=\"mry-text\">Transformation d\u2019un appartement en SPA <\/div>\n          <\/div>\n  <\/div>\n<\/div>\t\t          \t  \t\t\t             \t\t\n\n<div class=\"mry-masonry-grid-item mry-masonry-grid-item-33 category-amenagement category-design-interieur \">\n  <div class=\"mry-card-item\">\n    <div class=\"mry-card-cover-frame mry-mb-20 mry-fo\">\n            <div class=\"mry-badge\">Am\u00e9nagement, Design Int\u00e9rieur <\/div>\n                  <div class=\"mry-cover-overlay\"><\/div>\n      <img decoding=\"async\" src=\"https:\/\/dyominterieurs.co\/wp-content\/uploads\/2023\/09\/Unnamed-Space-154-scaled.jpg\" alt=\"Villa Gigi\" class=\"mry-scale-object\">\n      <div class=\"mry-hover-links\">\n        <a data-no-swup data-elementor-lightbox-slideshow=\"gallery\" data-elementor-lightbox-title=\"Villa Gigi\" href=\"https:\/\/dyominterieurs.co\/wp-content\/uploads\/2023\/09\/Unnamed-Space-154-scaled.jpg\" class=\"mry-zoom mry-magnetic-link\"><span class=\"mry-magnetic-object\"><i\n              class=\"fas fa-expand\"><\/i><\/span><\/a>\n        <a href=\"https:\/\/dyominterieurs.co\/?portfolio=villa-gigi\" class=\"mry-more mry-magnetic-link mry-anima-link\"><span class=\"mry-magnetic-object\"><i class=\"fas fa-arrow-right\"><\/i><\/span><\/a>\n      <\/div>\n          <\/div>\n    <div class=\"mry-item-descr mry-fo\">\n            <h4 class=\"mry-mb-10\"><a href=\"https:\/\/dyominterieurs.co\/?portfolio=villa-gigi\">Villa Gigi<\/a><\/h4>\n                  <div class=\"mry-text\">Nouvelle construction - Villa de 3 chambres<\/div>\n          <\/div>\n  <\/div>\n<\/div>\t\t          \t  \t\t\t             \t\t\n\n<div class=\"mry-masonry-grid-item mry-masonry-grid-item-33 category-renovation \">\n  <div class=\"mry-card-item\">\n    <div class=\"mry-card-cover-frame mry-mb-20 mry-fo\">\n            <div class=\"mry-badge\">R\u00e9novation <\/div>\n                  <div class=\"mry-cover-overlay\"><\/div>\n      <img decoding=\"async\" src=\"https:\/\/dyominterieurs.co\/wp-content\/uploads\/2023\/06\/dyom_slider4.png\" alt=\"T3 Gounghin\" class=\"mry-scale-object\">\n      <div class=\"mry-hover-links\">\n        <a data-no-swup data-elementor-lightbox-slideshow=\"gallery\" data-elementor-lightbox-title=\"T3 Gounghin\" href=\"https:\/\/dyominterieurs.co\/wp-content\/uploads\/2023\/06\/dyom_slider4.png\" class=\"mry-zoom mry-magnetic-link\"><span class=\"mry-magnetic-object\"><i\n              class=\"fas fa-expand\"><\/i><\/span><\/a>\n        <a href=\"https:\/\/dyominterieurs.co\/?portfolio=little-cottage\" class=\"mry-more mry-magnetic-link mry-anima-link\"><span class=\"mry-magnetic-object\"><i class=\"fas fa-arrow-right\"><\/i><\/span><\/a>\n      <\/div>\n          <\/div>\n    <div class=\"mry-item-descr mry-fo\">\n            <h4 class=\"mry-mb-10\"><a href=\"https:\/\/dyominterieurs.co\/?portfolio=little-cottage\">T3 Gounghin<\/a><\/h4>\n                  <div class=\"mry-text\">Appartement type T3.<\/div>\n          <\/div>\n  <\/div>\n<\/div>\t\t          \t  \t\t\t             \t\t\n\n<div class=\"mry-masonry-grid-item mry-masonry-grid-item-33 category-design-interieur \">\n  <div class=\"mry-card-item\">\n    <div class=\"mry-card-cover-frame mry-mb-20 mry-fo\">\n            <div class=\"mry-badge\">Design Int\u00e9rieur <\/div>\n                  <div class=\"mry-cover-overlay\"><\/div>\n      <img decoding=\"async\" src=\"https:\/\/dyominterieurs.co\/wp-content\/uploads\/2023\/06\/dyom_slider2.png\" alt=\"Bachelorette PAD\" class=\"mry-scale-object\">\n      <div class=\"mry-hover-links\">\n        <a data-no-swup data-elementor-lightbox-slideshow=\"gallery\" data-elementor-lightbox-title=\"Bachelorette PAD\" href=\"https:\/\/dyominterieurs.co\/wp-content\/uploads\/2023\/06\/dyom_slider2.png\" class=\"mry-zoom mry-magnetic-link\"><span class=\"mry-magnetic-object\"><i\n              class=\"fas fa-expand\"><\/i><\/span><\/a>\n        <a href=\"https:\/\/dyominterieurs.co\/?portfolio=compact-house\" class=\"mry-more mry-magnetic-link mry-anima-link\"><span class=\"mry-magnetic-object\"><i class=\"fas fa-arrow-right\"><\/i><\/span><\/a>\n      <\/div>\n          <\/div>\n    <div class=\"mry-item-descr mry-fo\">\n            <h4 class=\"mry-mb-10\"><a href=\"https:\/\/dyominterieurs.co\/?portfolio=compact-house\">Bachelorette PAD<\/a><\/h4>\n                  <div class=\"mry-text\">Appartement type T3 - Bachelorette PAD<\/div>\n          <\/div>\n  <\/div>\n<\/div>\t\t          \t  \t\t\t             \t\t\n\n<div class=\"mry-masonry-grid-item mry-masonry-grid-item-33 category-design-interieur \">\n  <div class=\"mry-card-item\">\n    <div class=\"mry-card-cover-frame mry-mb-20 mry-fo\">\n            <div class=\"mry-badge\">Design Int\u00e9rieur <\/div>\n                  <div class=\"mry-cover-overlay\"><\/div>\n      <img decoding=\"async\" src=\"https:\/\/dyominterieurs.co\/wp-content\/uploads\/2021\/03\/2-scaled.jpg\" alt=\"Twin Office\" class=\"mry-scale-object\">\n      <div class=\"mry-hover-links\">\n        <a data-no-swup data-elementor-lightbox-slideshow=\"gallery\" data-elementor-lightbox-title=\"Twin Office\" href=\"https:\/\/dyominterieurs.co\/wp-content\/uploads\/2021\/03\/2-scaled.jpg\" class=\"mry-zoom mry-magnetic-link\"><span class=\"mry-magnetic-object\"><i\n              class=\"fas fa-expand\"><\/i><\/span><\/a>\n        <a href=\"https:\/\/dyominterieurs.co\/?portfolio=greenwell-yards\" class=\"mry-more mry-magnetic-link mry-anima-link\"><span class=\"mry-magnetic-object\"><i class=\"fas fa-arrow-right\"><\/i><\/span><\/a>\n      <\/div>\n          <\/div>\n    <div class=\"mry-item-descr mry-fo\">\n            <h4 class=\"mry-mb-10\"><a href=\"https:\/\/dyominterieurs.co\/?portfolio=greenwell-yards\">Twin Office<\/a><\/h4>\n                  <div class=\"mry-text\">Design pour d\u2019un bureau double.<\/div>\n          <\/div>\n  <\/div>\n<\/div>\t\t          \t  \t\t\t             \t\t\n\n<div class=\"mry-masonry-grid-item mry-masonry-grid-item-33 category-design-interieur \">\n  <div class=\"mry-card-item\">\n    <div class=\"mry-card-cover-frame mry-mb-20 mry-fo\">\n            <div class=\"mry-badge\">Design Int\u00e9rieur <\/div>\n                  <div class=\"mry-cover-overlay\"><\/div>\n      <img decoding=\"async\" src=\"https:\/\/dyominterieurs.co\/wp-content\/uploads\/2021\/03\/Salon-4-scaled.jpg\" alt=\"T4 Bezons\" class=\"mry-scale-object\">\n      <div class=\"mry-hover-links\">\n        <a data-no-swup data-elementor-lightbox-slideshow=\"gallery\" data-elementor-lightbox-title=\"T4 Bezons\" href=\"https:\/\/dyominterieurs.co\/wp-content\/uploads\/2021\/03\/Salon-4-scaled.jpg\" class=\"mry-zoom mry-magnetic-link\"><span class=\"mry-magnetic-object\"><i\n              class=\"fas fa-expand\"><\/i><\/span><\/a>\n        <a href=\"https:\/\/dyominterieurs.co\/?portfolio=compact-cottage\" class=\"mry-more mry-magnetic-link mry-anima-link\"><span class=\"mry-magnetic-object\"><i class=\"fas fa-arrow-right\"><\/i><\/span><\/a>\n      <\/div>\n          <\/div>\n    <div class=\"mry-item-descr mry-fo\">\n            <h4 class=\"mry-mb-10\"><a href=\"https:\/\/dyominterieurs.co\/?portfolio=compact-cottage\">T4 Bezons<\/a><\/h4>\n                <\/div>\n  <\/div>\n<\/div>\t\t          \t  \t\t\t             \t\t\n\n<div class=\"mry-masonry-grid-item mry-masonry-grid-item-33 category-renovation \">\n  <div class=\"mry-card-item\">\n    <div class=\"mry-card-cover-frame mry-mb-20 mry-fo\">\n            <div class=\"mry-badge\">R\u00e9novation <\/div>\n                  <div class=\"mry-cover-overlay\"><\/div>\n      <img decoding=\"async\" src=\"https:\/\/dyominterieurs.co\/wp-content\/uploads\/2021\/03\/1.-salonjpg-scaled.jpg\" alt=\"Maison Somgand\u00e9\" class=\"mry-scale-object\">\n      <div class=\"mry-hover-links\">\n        <a data-no-swup data-elementor-lightbox-slideshow=\"gallery\" data-elementor-lightbox-title=\"Maison Somgand\u00e9\" href=\"https:\/\/dyominterieurs.co\/wp-content\/uploads\/2021\/03\/1.-salonjpg-scaled.jpg\" class=\"mry-zoom mry-magnetic-link\"><span class=\"mry-magnetic-object\"><i\n              class=\"fas fa-expand\"><\/i><\/span><\/a>\n        <a href=\"https:\/\/dyominterieurs.co\/?portfolio=modern-house\" class=\"mry-more mry-magnetic-link mry-anima-link\"><span class=\"mry-magnetic-object\"><i class=\"fas fa-arrow-right\"><\/i><\/span><\/a>\n      <\/div>\n          <\/div>\n    <div class=\"mry-item-descr mry-fo\">\n            <h4 class=\"mry-mb-10\"><a href=\"https:\/\/dyominterieurs.co\/?portfolio=modern-house\">Maison Somgand\u00e9<\/a><\/h4>\n                  <div class=\"mry-text\">Villa R+1 situ\u00e9 \u00e0 Somgand\u00e9.<\/div>\n          <\/div>\n  <\/div>\n<\/div>\t\t          \t  \t\t\t             \t\t\n\n<div class=\"mry-masonry-grid-item mry-masonry-grid-item-33 category-amenagement \">\n  <div class=\"mry-card-item\">\n    <div class=\"mry-card-cover-frame mry-mb-20 mry-fo\">\n            <div class=\"mry-badge\">Am\u00e9nagement <\/div>\n                  <div class=\"mry-cover-overlay\"><\/div>\n      <img decoding=\"async\" src=\"https:\/\/dyominterieurs.co\/wp-content\/uploads\/2021\/03\/7-sejour-1-scaled.jpg\" alt=\"Maison B\" class=\"mry-scale-object\">\n      <div class=\"mry-hover-links\">\n        <a data-no-swup data-elementor-lightbox-slideshow=\"gallery\" data-elementor-lightbox-title=\"Maison B\" href=\"https:\/\/dyominterieurs.co\/wp-content\/uploads\/2021\/03\/7-sejour-1-scaled.jpg\" class=\"mry-zoom mry-magnetic-link\"><span class=\"mry-magnetic-object\"><i\n              class=\"fas fa-expand\"><\/i><\/span><\/a>\n        <a href=\"https:\/\/dyominterieurs.co\/?portfolio=maison-b\" class=\"mry-more mry-magnetic-link mry-anima-link\"><span class=\"mry-magnetic-object\"><i class=\"fas fa-arrow-right\"><\/i><\/span><\/a>\n      <\/div>\n          <\/div>\n    <div class=\"mry-item-descr mry-fo\">\n            <h4 class=\"mry-mb-10\"><a href=\"https:\/\/dyominterieurs.co\/?portfolio=maison-b\">Maison B<\/a><\/h4>\n                  <div class=\"mry-text\">Villa type T4.<\/div>\n          <\/div>\n  <\/div>\n<\/div>\t\t          \t  \t\n\t\t\t\t\t<\/div>\n\t\t\t\t<\/div>\n\t\t\t\t\n\t\t\t  \t\n\t\t\t\t\n\t\t\t<\/div>\n\t\t<\/div>\n\t\t<!-- portfolio end -->\n\n\t\t\t\t<\/div>\n\t\t\t\t<\/div>\n\t\t\t\t\t<\/div>\n\t\t<\/div>\n\t\t\t\t\t\t\t<\/div>\n\t\t<\/section>\n\t\t\t\t<section class=\"elementor-section elementor-top-section elementor-element elementor-element-c315c35 elementor-section-full_width elementor-section-height-default elementor-section-height-default\" data-id=\"c315c35\" data-element_type=\"section\">\n\t\t\t\t\t\t<div class=\"elementor-container elementor-column-gap-no\">\n\t\t\t\t\t<div class=\"elementor-column elementor-col-100 elementor-top-column elementor-element elementor-element-bbfc9dd\" data-id=\"bbfc9dd\" data-element_type=\"column\">\n\t\t\t<div class=\"elementor-widget-wrap elementor-element-populated\">\n\t\t\t\t\t\t\t\t<div class=\"elementor-element elementor-element-23975cb elementor-widget elementor-widget-mireya-cta\" data-id=\"23975cb\" data-element_type=\"widget\" data-widget_type=\"mireya-cta.default\">\n\t\t\t\t<div class=\"elementor-widget-container\">\n\t\t\t\n\t\t<div class=\"mry-about mry-about-cta\">\n\t\t\t<div class=\"container\">\n\t\t\t\t<div class=\"row\">\n\t\t\t\t\t<div class=\"col-lg-12\">\n\t\t\t\t\t\t<div class=\"mry-main-title mry-title-center mry-p-100-100\">\n\t\t\t\t\t\t\t\t\t\t\t\t\t\t<div class=\"mry-subtitle mry-mb-20 mry-fo\">\n\t\t\t\t\t\t\t\t<span >\n\t\t\t\t\t          \t\tcontact\t\t\t\t\t        \t<\/span>\n\t\t\t\t\t\t\t<\/div>\n\t\t\t\t\t\t\t\t\t\t\t\t\t\t\t\t\t\t\t\t\t<h2 class=\"mry-h1 mry-mb-20 mry-fo mry-title--h\">\n\t\t\t\t\t\t\t\t\t\t\t\t\t\t\t\t<span >\n\t\t\t\t\t          \t\t Avez-vous \t\t\t\t\t        \t<\/span>\n\t\t\t\t\t        \t\t\t\t\t\t        \t\t\t\t\t\t\t\t\t<span class=\"mry-border-text\">\n\t\t\t\t\t\t\t\t\t<span >\n\t\t\t\t\t\t          \t\tun projet ?\t\t\t\t\t\t        \t<\/span>\n\t\t\t\t\t\t\t\t<\/span>\n\t\t\t\t\t\t\t\t\t\t\t\t\t\t\t<\/h2>\n\t\t\t\t\t\t\t\t\t\t\t\t\t\t\t\t\t\t\t\t\t<div class=\"mry-text mry-mb-30 mry-fo\">\n\t\t\t\t\t\t\t\t<div >\n\t\t\t\t\t          \t\t<p>Nous serions ravi de travailler avec vous pour cr\u00e9er votre espace id\u00e9ale.<\/p>\t\t\t\t\t        \t<\/div>\n\t\t\t\t\t\t\t<\/div>\n\t\t\t\t\t\t\t\n\t\t\t\t\t\t\t\t\t\t\t\t\t\t<div class=\"mry-fo\">\n\t\t\t\t\t\t\t\t\t\t\t\t\t\t\t\t<a href=\"https:\/\/dyominterieurs.co\/?page_id=351\" class=\"mry-anima-link mry-btn mry-btn-color mry-default-link\">\n\t\t\t\t\t\t\t\t\t<span >\n\t\t\t\t\t\t          \t\tcontactez nous\t\t\t\t\t\t        \t<\/span>\n\t\t\t\t\t\t\t\t<\/a>\n\t\t\t\t\t\t\t\t\t\t\t\t\t\t\t\t\t\t\t\t\t\t\t<\/div>\n\t\t\t\t\t\t\t\t\t\t\t\t\t<\/div>\n\t\t\t\t\t<\/div>\n\t\t\t\t<\/div>\n\t\t\t<\/div>\n\t\t<\/div>\n\n\t\t\t\t<\/div>\n\t\t\t\t<\/div>\n\t\t\t\t\t<\/div>\n\t\t<\/div>\n\t\t\t\t\t\t\t<\/div>\n\t\t<\/section>\n\t\t\t\t\t\t\t<\/div>\n\t\t","protected":false},"excerpt":{"rendered":"<p>PORTFOLIO Explorez nos r\u00e9alisations Bienvenue dans notre portfolio. Dans cette collection, vous pourrez d\u00e9couvrir nos projets et r\u00e9alisations les plus&#8230; <span class=\"mry-el-more mry-fo\"><a href=\"https:\/\/dyominterieurs.co\/?portfolio=maison-b\" class=\"mry-link mry-default-link\">Read more<\/a><\/span><\/p>\n","protected":false},"author":1,"featured_media":0,"parent":0,"menu_order":0,"comment_status":"closed","ping_status":"closed","template":"template-layout-builder.php","meta":{"om_disable_all_campaigns":false,"_mi_skip_tracking":false,"_monsterinsights_sitenote_active":false,"_monsterinsights_sitenote_note":"","_monsterinsights_sitenote_category":0},"acf":[],"aioseo_notices":[],"_links":{"self":[{"href":"https:\/\/dyominterieurs.co\/index.php?rest_route=\/wp\/v2\/pages\/260"}],"collection":[{"href":"https:\/\/dyominterieurs.co\/index.php?rest_route=\/wp\/v2\/pages"}],"about":[{"href":"https:\/\/dyominterieurs.co\/index.php?rest_route=\/wp\/v2\/types\/page"}],"author":[{"embeddable":true,"href":"https:\/\/dyominterieurs.co\/index.php?rest_route=\/wp\/v2\/users\/1"}],"replies":[{"embeddable":true,"href":"https:\/\/dyominterieurs.co\/index.php?rest_route=%2Fwp%2Fv2%2Fcomments&post=260"}],"version-history":[{"count":34,"href":"https:\/\/dyominterieurs.co\/index.php?rest_route=\/wp\/v2\/pages\/260\/revisions"}],"predecessor-version":[{"id":1689,"href":"https:\/\/dyominterieurs.co\/index.php?rest_route=\/wp\/v2\/pages\/260\/revisions\/1689"}],"wp:attachment":[{"href":"https:\/\/dyominterieurs.co\/index.php?rest_route=%2Fwp%2Fv2%2Fmedia&parent=260"}],"curies":[{"name":"wp","href":"https:\/\/api.w.org\/{rel}","templated":true}]}}